?
12
Calculate the remainder when 1919 is divided by 656.
607
Calculate the remainder when 57434 is divided by 79.
1
Calculate the remainder when 8314 is divided by 18.
16
What is the remainder when 15468 is divided by 496?
92
What is the remainder when 6390 is divided by 12?
6
Calculate the remainder when 1424 is divided by 230.
44
What is the remainder when 1357 is divided by 225?
7
Calculate the remainder when 4176 is divided by 49.
11
What is the remainder when 47160 is divided by 274?
32
What is the remainder when 4784 is divided by 265?
14
Calculate the remainder when 6790 is divided by 183.
19
What is the remainder when 181689 is divided by 588?
585
Calculate the remainder when 3023730 is divided by 277.
275
Calculate the remainder when 120028 is divided by 91.
90
Calculate the remainder when 642 is divided by 583.
59
Calculate the remainder when 52107 is divided by 6509.
35
Calculate the remainder when 29852 is divided by 118.
116
Calculate the remainder when 84232 is divided by 276.
52
What is the remainder when 27400 is divided by 761?
4
Calculate the remainder when 155277 is divided by 56.
45
Calculate the remainder when 1307 is divided by 123.
77
What is the remainder when 675 is divided by 245?
185
Calculate the remainder when 55589 is divided by 1158.
5
Calculate the remainder when 1633 is divided by 71.
0
Calculate the remainder when 8491 is divided by 98.
63
Calculate the remainder when 55181 is divided by 1083.
1031
What is the remainder when 24006 is divided by 73?
62
Calculate the remainder when 2993 is divided by 1024.
945
Calculate the remainder when 87853 is divided by 316.
5
What is the remainder when 294181 is divided by 12789?
34
What is the remainder when 23068 is divided by 107?
63
Calculate the remainder when 1649 is divided by 38.
15
Calculate the remainder when 8447 is divided by 2498.
953
Calculate the remainder when 4067 is divided by 2010.
47
Calculate the remainder when 70046 is divided by 115.
11
Calculate the remainder when 3271 is divided by 1603.
65
Calculate the remainder when 1661 is divided by 294.
191
What is the remainder when 51420 is divided by 39?
18
What is the remainder when 276250 is divided by 6?
4
Calculate the remainder when 1568 is divided by 264.
248
Calculate the remainder when 212494 is divided by 459.
436
Calculate the remainder when 19764 is divided by 2359.
892
Calculate the remainder when 126716 is divided by 25342.
6
Calculate the remainder when 6038 is divided by 108.
98
Calculate the remainder when 585 is divided by 481.
104
What is the remainder when 648579 is divided by 278?
5
Calculate the remainder when 11041 is divided by 83.
2
What is the remainder when 12619 is divided by 1800?
19
What is the remainder when 246149 is divided by 225?
224
Calculate the remainder when 62507 is divided by 23.
16
Calculate the remainder when 567152 is divided by 626.
622
Calculate the remainder when 47373 is divided by 48.
45
Calculate the remainder when 276197 is divided by 13809.
17
Calculate the remainder when 6273934 is divided by 48.
46
What is the remainder when 783 is divided by 255?
18
What is the remainder when 3556 is divided by 3382?
174
What is the remainder when 2999 is divided by 646?
415
Calculate the remainder when 12973 is divided by 1853.
2
What is the remainder when 1593 is divided by 1149?
444
Calculate the remainder when 2907 is divided by 193.
12
What is the remainder when 164232 is divided by 164215?
17
Calculate the remainder when 3989 is divided by 9.
2
Calculate the remainder when 32363 is divided by 1155.
23
Calculate the remainder when 647 is divided by 592.
55
Calculate the remainder when 2210 is divided by 66.
32
Calculate the remainder when 3008 is divided by 1466.
76
What is the remainder when 4733 is divided by 236?
13
What is the remainder when 2521 is divided by 614?
65
What is the remainder when 78440 is divided by 96?
8
Calculate the remainder when 742642 is divided by 2813.
10
What is the remainder when 24517 is divided by 217?
213
Calculate the remainder when 12882 is divided by 29.
6
Calculate the remainder when 547 is divided by 61.
59
What is the remainder when 341537 is divided by 831?
827
Calculate the remainder when 1913 is divided by 289.
179
What is the remainder when 8577 is divided by 94?
23
Calculate the remainder when 149987 is divided by 348.
347
Calculate the remainder when 7231 is divided by 415.
176
Calculate the remainder when 1557 is divided by 139.
28
What is the remainder when 15838 is divided by 1978?
14
What is the remainder when 4387 is divided by 539?
75
What is the remainder when 52909 is divided by 246?
19
What is the remainder when 142737 is divided by 214?
213
Calculate the remainder when 2729 is divided by 679.
13
Calculate the remainder when 251763 is divided by 35962.
29
Calculate the remainder when 2109 is divided by 2056.
53
Calculate the remainder when 156610 is divided by 725.
10
Calculate the remainder when 15096 is divided by 2495.
126
Calculate the remainder when 2807 is divided by 1391.
25
What is the remainder when 16976 is divided by 7?
1
What is the remainder when 65985 is divided by 31?
17
Calculate the remainder when 9802 is divided by 3254.
40
Calculate the remainder when 1157 is divided by 294.
275
What is the remainder when 14330 is divided by 21?
8
What is the remainder when 7289 is divided by 413?
268
Calculate the remainder when 448 is divided by 274.
174
What is the remainder when 743697 is divided by 50?
47
Calculate the remainder when 5498 is divided by 74.
22
What is the remainder when 427108 is divided by 778?
764
Calculate the remainder when 2914 is divided by 160.
34
What is the remainder when 4942 is divided by 1008?
910
What is the remainder when 205169 is divided by 19?
7
What is the remainder when 968 is divided by 316?
20
Calculate the remainder when 405545 is divided by 67.
61
Calculate the remainder when 125841 is divided by 5030.
91
What is the remainder when 289973 is divided by 6?
5
What is the remainder when 23557 is divided by 199?
75
What is the remainder when 23459 is divided by 461?
409
What is the remainder when 653 is divided by 190?
83
Calculate the remainder when 19428 is divided by 2424.
36
What is the remainder when 26087 is divided by 113?
97
What is the remainder when 106535 is divided by 8187?
104
What is the remainder when 20589 is divided by 46?
27
Calculate the remainder when 2036 is divided by 263.
195
Calculate the remainder when 30008 is divided by 9971.
95
What is the remainder when 387118 is divided by 815?
808
What is the remainder when 62281 is divided by 20758?
7
Calculate the remainder when 71832 is divided by 6.
0
What is the remainder when 172377 is divided by 743?
1
What is the remainder when 82486 is divided by 41215?
56
What is the remainder when 30996 is divided by 470?
446
Calculate the remainder when 13499 is divided by 286.
57
Calculate the remainder when 93206 is divided by 728.
22
Calculate the remainder when 5553 is divided by 5287.
266
What is the remainder when 35214 is divided by 2196?
78
What is the remainder when 6759 is divided by 677?
666
What is the remainder when 590951 is divided by 1143?
20
Calculate the remainder when 20162 is divided by 531.
515
Calculate the remainder when 1199457 is divided by 20.
17
What is the remainder when 41963 is divided by 66?
53
Calculate the remainder when 1135 is divided by 89.
67
What is the remainder when 14351 is divided by 145?
141
Calculate the remainder when 1945 is divided by 290.
205
What is the remainder when 22204 is divided by 104?
52
Calculate the remainder when 7316 is divided by 7296.
20
What is the remainder when 29091 is divided by 1376?
195
What is the remainder when 79469 is divided by 19863?
17
What is the remainder when 72942 is divided by 695?
662
What is the remainder when 1221946 is divided by 468?
466
Calculate the remainder when 5247 is divided by 5156.
91
Calculate the remainder when 3966 is divided by 275.
116
What is the remainder when 2739 is divided by 2412?
327
What is the remainder when 40000 is divided by 181?
180
Calculate the remainder when 608493 is divided by 35.
18
Calculate the remainder when 411524 is divided by 1449.
8
What is the remainder when 14148 is divided by 140